{"id":39,"date":"2017-10-09T16:24:53","date_gmt":"2017-10-09T14:24:53","guid":{"rendered":"http:\/\/loewetv.de\/loewetv\/?page_id=39"},"modified":"2018-05-04T13:58:08","modified_gmt":"2018-05-04T11:58:08","slug":"uplink-downlink","status":"publish","type":"page","link":"https:\/\/loewetv.de\/loewetv\/uplink-downlink\/","title":{"rendered":"Uplink \/ Downlink"},"content":{"rendered":"<p><strong>Rund um die Uhr halten wir HD-\u00dcbertragungsleitungen f\u00fcr die Abgabe und den Empfang Ihrer Produktion in Bereitschaft.<\/strong><\/p>\n<p>Somit kann gedrehtes bzw. geschnittenes Material sofort gesendet werden. Und das nicht nur deutschlandweit. \u00dcber Satellit wird das von uns ausgesendete Signal weltweit \u00fcbertragen.<br \/>\nAlle Schnittpl\u00e4tze verf\u00fcgen \u00fcber die M\u00f6glichkeit, Material zu senden und zu empfangen. Dadurch kann aktuell weiteres Roh- bzw. Archivmaterial zum Schnitt zugeliefert werden.<\/p>\n<div id=\"link64_adl_tabid\" style=\"display: none;\" data-url=\"http:\/\/loewetv.de\/loewetv\/wp-admin\/post.php?post=39&amp;action=edit\">130<\/div>\n","protected":false},"excerpt":{"rendered":"<p>Rund um die Uhr halten wir HD-\u00dcbertragungsleitungen f\u00fcr die Abgabe und den Empfang Ihrer Produktion in Bereitschaft. Somit kann gedrehtes bzw. geschnittenes Material sofort gesendet werden. Und das nicht nur deutschlandweit. \u00dcber Satellit wird das von uns ausgesendete Signal weltweit \u00fcbertragen. Alle Schnittpl\u00e4tze verf\u00fcgen \u00fcber die M\u00f6glichkeit, Material zu senden und zu empfangen. Dadurch kann [&hellip;]<\/p>\n","protected":false},"author":1,"featured_media":0,"parent":0,"menu_order":0,"comment_status":"closed","ping_status":"closed","template":"","meta":{"footnotes":""},"class_list":["post-39","page","type-page","status-publish","hentry"],"_links":{"self":[{"href":"https:\/\/loewetv.de\/loewetv\/wp-json\/wp\/v2\/pages\/39","targetHints":{"allow":["GET"]}}],"collection":[{"href":"https:\/\/loewetv.de\/loewetv\/wp-json\/wp\/v2\/pages"}],"about":[{"href":"https:\/\/loewetv.de\/loewetv\/wp-json\/wp\/v2\/types\/page"}],"author":[{"embeddable":true,"href":"https:\/\/loewetv.de\/loewetv\/wp-json\/wp\/v2\/users\/1"}],"replies":[{"embeddable":true,"href":"https:\/\/loewetv.de\/loewetv\/wp-json\/wp\/v2\/comments?post=39"}],"version-history":[{"count":7,"href":"https:\/\/loewetv.de\/loewetv\/wp-json\/wp\/v2\/pages\/39\/revisions"}],"predecessor-version":[{"id":1322,"href":"https:\/\/loewetv.de\/loewetv\/wp-json\/wp\/v2\/pages\/39\/revisions\/1322"}],"wp:attachment":[{"href":"https:\/\/loewetv.de\/loewetv\/wp-json\/wp\/v2\/media?parent=39"}],"curies":[{"name":"wp","href":"https:\/\/api.w.org\/{rel}","templated":true}]}}