{"id":63,"date":"2017-10-09T16:35:26","date_gmt":"2017-10-09T14:35:26","guid":{"rendered":"http:\/\/loewetv.de\/loewetv\/?page_id=63"},"modified":"2025-06-19T16:28:34","modified_gmt":"2025-06-19T14:28:34","slug":"schnitt","status":"publish","type":"page","link":"https:\/\/loewetv.de\/loewetv\/schnitt\/","title":{"rendered":"Schnitt"},"content":{"rendered":"<p>&nbsp;<\/p>\n<h3>Postproduktion und Schnitt<\/h3>\n<p>Unsere Cutter bringen sich in den Arbeitsprozess ein, arbeiten schnell und akkurat. Denn starke Bilder allein machen noch keinen Film. Auf die durchdachte Montage von Ton und Bild kommt es an.<\/p>\n<p>Wir k\u00f6nnen alle g\u00e4ngigen HD- und SD-Formate verarbeiten. Rund um die Uhr und weltweit k\u00f6nnen Sie Material bei uns absetzen und empfangen. Denn wir verf\u00fcgen \u00fcber eine direkte HD-SDI-Anbindung an das Netz von ARD und ZDF. Auch Live-Einspielungen sind m\u00f6glich.<\/p>\n<p>Unsere Pl\u00e4tze sind miteinander vernetzt, so dass auf Ihre Projekte von jedem Schnittplatz zugegriffen werden kann. F\u00fcr die perfekte Vertonung steht Ihnen eine professionelle Tonkabine, die direkt mit dem Schnitt verbunden ist, zur Verf\u00fcgung.<\/p>\n<p>Bei Buchungen und Anfragen wenden Sie sich bitte an unsere Produktionsleitung <a href=\"http:\/\/loewetv.de\/loewetv\/kontakt\/\"> Produktionsleitung<\/a><\/p>\n<h4>Zusatzfunktionen:<\/h4>\n<p>Filebasierender Workflow<\/p>\n<p>HD-SDI (Audio embedded) Videoleitungsanbindung an ARD-Netz \u00fcber MDR-Schaltraum<\/p>\n<p>Bereitstellung WLAN-Hotspots f\u00fcr die Nutzung von Fremdger\u00e4ten<\/p>\n","protected":false},"excerpt":{"rendered":"<p>&nbsp; Postproduktion und Schnitt Unsere Cutter bringen sich in den Arbeitsprozess ein, arbeiten schnell und akkurat. Denn starke Bilder allein machen noch keinen Film. Auf die durchdachte Montage von Ton und Bild kommt es an. Wir k\u00f6nnen alle g\u00e4ngigen HD- und SD-Formate verarbeiten. Rund um die Uhr und weltweit k\u00f6nnen Sie Material bei uns absetzen [&hellip;]<\/p>\n","protected":false},"author":1,"featured_media":0,"parent":0,"menu_order":0,"comment_status":"closed","ping_status":"closed","template":"","meta":{"footnotes":""},"class_list":["post-63","page","type-page","status-publish","hentry"],"_links":{"self":[{"href":"https:\/\/loewetv.de\/loewetv\/wp-json\/wp\/v2\/pages\/63","targetHints":{"allow":["GET"]}}],"collection":[{"href":"https:\/\/loewetv.de\/loewetv\/wp-json\/wp\/v2\/pages"}],"about":[{"href":"https:\/\/loewetv.de\/loewetv\/wp-json\/wp\/v2\/types\/page"}],"author":[{"embeddable":true,"href":"https:\/\/loewetv.de\/loewetv\/wp-json\/wp\/v2\/users\/1"}],"replies":[{"embeddable":true,"href":"https:\/\/loewetv.de\/loewetv\/wp-json\/wp\/v2\/comments?post=63"}],"version-history":[{"count":10,"href":"https:\/\/loewetv.de\/loewetv\/wp-json\/wp\/v2\/pages\/63\/revisions"}],"predecessor-version":[{"id":1389,"href":"https:\/\/loewetv.de\/loewetv\/wp-json\/wp\/v2\/pages\/63\/revisions\/1389"}],"wp:attachment":[{"href":"https:\/\/loewetv.de\/loewetv\/wp-json\/wp\/v2\/media?parent=63"}],"curies":[{"name":"wp","href":"https:\/\/api.w.org\/{rel}","templated":true}]}}